{"id":66,"date":"2026-03-19T04:40:47","date_gmt":"2026-03-19T04:40:47","guid":{"rendered":"https:\/\/bufajans.com.tr\/?page_id=66"},"modified":"2026-03-19T04:40:47","modified_gmt":"2026-03-19T04:40:47","slug":"dmca","status":"publish","type":"page","link":"https:\/\/bufajans.com.tr\/index.php\/dmca\/","title":{"rendered":"DMCA"},"content":{"rendered":"\n<p><\/p>\n\n\n\n<h2 class=\"wp-block-heading\">DMCA ve Telif Hakk\u0131 Bildirimi<\/h2>\n\n\n\n<p><strong>Buf Ajans<\/strong>, 5846 say\u0131l\u0131 Fikir ve Sanat Eserleri Kanunu ve uluslararas\u0131 <strong>DMCA<\/strong> standartlar\u0131na uygun olarak i\u00e7erik \u00fcretmektedir. Sitemizde yer alan t\u00fcm metinler, g\u00f6rseller ve dijital i\u00e7erikler ajans\u0131m\u0131za aittir veya kullan\u0131m izni al\u0131nm\u0131\u015ft\u0131r.<\/p>\n\n\n\n<h3 class=\"wp-block-heading\">1. \u0130\u00e7erik Kullan\u0131m\u0131<\/h3>\n\n\n\n<p>Sitemizde yay\u0131nlanan i\u00e7eriklerin, kaynak g\u00f6sterilmeden veya yaz\u0131l\u0131 izin al\u0131nmadan k\u0131smen veya tamamen kopyalanmas\u0131, ba\u015fka mecralarda yay\u0131nlanmas\u0131 yasakt\u0131r.<\/p>\n\n\n\n<h3 class=\"wp-block-heading\">2. Telif Hakk\u0131 \u0130hlali Bildirimi<\/h3>\n\n\n\n<p>E\u011fer sitemizde size ait olan bir i\u00e7eri\u011fin telif haklar\u0131n\u0131z\u0131 ihlal etti\u011fini d\u00fc\u015f\u00fcn\u00fcyorsan\u0131z, l\u00fctfen a\u015fa\u011f\u0131daki belgelerle birlikte bizimle ileti\u015fime ge\u00e7iniz:<\/p>\n\n\n\n<ul class=\"wp-block-list\">\n<li>Telif hakk\u0131 ihlal edildi\u011fi iddia edilen eserin tan\u0131m\u0131.<\/li>\n\n\n\n<li>\u0130hlal edildi\u011fi iddia edilen i\u00e7eri\u011fin sitemizdeki tam ba\u011flant\u0131s\u0131 (URL).<\/li>\n\n\n\n<li>\u0130leti\u015fim bilgileriniz (info@bufajans.com.tr).<\/li>\n<\/ul>\n\n\n\n<p><\/p>\n\n\n\n<p><\/p>\n\n\n\n<h3 class=\"wp-block-heading\"><\/h3>\n\n\n\n<p><\/p>\n\n\n\n<p><\/p>\n","protected":false},"excerpt":{"rendered":"<p>DMCA ve Telif Hakk\u0131 Bildirimi Buf Ajans, 5846 say\u0131l\u0131 Fikir ve Sanat Eserleri Kanunu ve uluslararas\u0131 DMCA standartlar\u0131na uygun olarak i\u00e7erik \u00fcretmektedir. Sitemizde yer alan t\u00fcm metinler, g\u00f6rseller ve dijital i\u00e7erikler ajans\u0131m\u0131za aittir veya kullan\u0131m izni al\u0131nm\u0131\u015ft\u0131r. 1. \u0130\u00e7erik Kullan\u0131m\u0131 Sitemizde yay\u0131nlanan i\u00e7eriklerin, kaynak g\u00f6sterilmeden veya yaz\u0131l\u0131 izin al\u0131nmadan k\u0131smen veya tamamen kopyalanmas\u0131, ba\u015fka mecralarda [&hellip;]<\/p>\n","protected":false},"author":1,"featured_media":0,"parent":0,"menu_order":0,"comment_status":"closed","ping_status":"closed","template":"","meta":{"footnotes":""},"class_list":["post-66","page","type-page","status-publish","hentry"],"_links":{"self":[{"href":"https:\/\/bufajans.com.tr\/index.php\/wp-json\/wp\/v2\/pages\/66","targetHints":{"allow":["GET"]}}],"collection":[{"href":"https:\/\/bufajans.com.tr\/index.php\/wp-json\/wp\/v2\/pages"}],"about":[{"href":"https:\/\/bufajans.com.tr\/index.php\/wp-json\/wp\/v2\/types\/page"}],"author":[{"embeddable":true,"href":"https:\/\/bufajans.com.tr\/index.php\/wp-json\/wp\/v2\/users\/1"}],"replies":[{"embeddable":true,"href":"https:\/\/bufajans.com.tr\/index.php\/wp-json\/wp\/v2\/comments?post=66"}],"version-history":[{"count":1,"href":"https:\/\/bufajans.com.tr\/index.php\/wp-json\/wp\/v2\/pages\/66\/revisions"}],"predecessor-version":[{"id":67,"href":"https:\/\/bufajans.com.tr\/index.php\/wp-json\/wp\/v2\/pages\/66\/revisions\/67"}],"wp:attachment":[{"href":"https:\/\/bufajans.com.tr\/index.php\/wp-json\/wp\/v2\/media?parent=66"}],"curies":[{"name":"wp","href":"https:\/\/api.w.org\/{rel}","templated":true}]}}